{"id":209,"date":"2021-12-08T12:13:52","date_gmt":"2021-12-08T11:13:52","guid":{"rendered":"https:\/\/hugobrument.com\/?page_id=209"},"modified":"2021-12-09T10:29:41","modified_gmt":"2021-12-09T09:29:41","slug":"phd","status":"publish","type":"page","link":"https:\/\/hugobrument.com\/index.php\/phd\/","title":{"rendered":"PhD"},"content":{"rendered":"\n<p class=\"has-medium-font-size\">I defended my PhD on December 3rd. You can download the manuscript at the following <a href=\"https:\/\/www.researchgate.net\/publication\/356893285_Towards_User-Adapted_Navigation_Techniques_in_Virtual_Environments_Study_of_Factors_Influencing_Users_Behavior_in_Virtual_Reality\" data-type=\"URL\" data-id=\"https:\/\/www.researchgate.net\/publication\/356893285_Towards_User-Adapted_Navigation_Techniques_in_Virtual_Environments_Study_of_Factors_Influencing_Users_Behavior_in_Virtual_Reality\" target=\"_blank\" rel=\"noreferrer noopener\">link <\/a>or you can rewatch the defense thanks to the following youtube link below:<\/p>\n\n\n\n<p class=\"has-medium-font-size\">Thesis abstract:<\/p>\n\n\n\n<p class=\"has-medium-font-size\">Navigation is a fundamental interaction in Virtual Reality (VR) that enables users to update their viewpoint in order to explore the Virtual Environment (VE). Alternative locomotion techniques to natural walking have been explored to enable users to navigate infinitely regardless of the size of the physical workspace. However, the use of such techniques can influence users&#8217; experience as the locomotion interface can modify the way users perceive and perform movements. This manuscript aims at highlighting factors related to the locomotion technique that could influence users&#8217; perception and action during a navigation task in VR. To achieve this, we focused on two axes: (1) the influence of the locomotion techniques on users&#8217; movements, where we investigated how either the way to update heading or speed in the VE could modify users&#8217; movements and coordination. (2) How to alter the perception of rotation gains in VEs where we assessed on one hand, whether modification of the Field of View and on the other hand, translational and rotational speed, could alter the perception of rotation gains in VEs. Altogether, these results contribute to the understanding of users&#8217; behavior while navigating in VEs and are discussed to improve the design of locomotion techniques in VR.<\/p>\n\n\n\n<p class=\"has-medium-font-size\">Jury members:<\/p>\n\n\n\n<p class=\"has-medium-font-size\">Jean-R\u00e9my Chardonnet &#8211; Associate Professor, Institut Arts et M\u00e9tiers de Chalon-sur-Sa\u00f4ne (reviewer)<br>Frank Steinicke &#8211; Professor &#8211; TU Hamburg (reviewer)<br>Joaquim Jorge &#8211; Professor, T\u00e9cnico Lisboa (examiner)<br>Anouk Lamontagne &#8211; Adjunct Professor, McGill University (examiner)<br>Guillaume Moreau &#8211; Professor, IMT Atlantique Brest (examiner)<br>Gerd Bruder &#8211; Associate Professor, University of Central Florida (invited)<br>Ferran Argelaguet &#8211; Research fellow, Inria Rennes (thesis director)<br>Maud Marchal &#8211; Professor, INSA de Rennes (thesis co-director)<br>Anne-H\u00e9l\u00e8ne Olivier &#8211; Associate Professor, Universit\u00e9 Rennes 2 (thesis supervisor)<\/p>\n\n\n\n<figure class=\"wp-block-embed is-type-video is-provider-youtube wp-block-embed-youtube wp-embed-aspect-16-9 wp-has-aspect-ratio\"><div class=\"wp-block-embed__wrapper\">\n<iframe loading=\"lazy\" title=\"Hugo Brument&#039;s PHD Defense\" width=\"720\" height=\"405\" src=\"https:\/\/www.youtube.com\/embed\/W5lKLYbao8k?feature=oembed\" frameborder=\"0\" allow=\"accelerometer; autoplay; clipboard-write; encrypted-media; gyroscope; picture-in-picture\" allowfullscreen><\/iframe>\n<\/div><\/figure>\n","protected":false},"excerpt":{"rendered":"<p>I defended my PhD on December 3rd. You can download the manuscript at the following link or you can rewatch the defense thanks to the following youtube link below: Thesis abstract: Navigation is a fundamental interaction in Virtual Reality (VR) that enables users to update their viewpoint in order to explore the Virtual Environment (VE). [&hellip;]<\/p>\n","protected":false},"author":1,"featured_media":0,"parent":0,"menu_order":0,"comment_status":"closed","ping_status":"closed","template":"","meta":[],"_links":{"self":[{"href":"https:\/\/hugobrument.com\/index.php\/wp-json\/wp\/v2\/pages\/209"}],"collection":[{"href":"https:\/\/hugobrument.com\/index.php\/wp-json\/wp\/v2\/pages"}],"about":[{"href":"https:\/\/hugobrument.com\/index.php\/wp-json\/wp\/v2\/types\/page"}],"author":[{"embeddable":true,"href":"https:\/\/hugobrument.com\/index.php\/wp-json\/wp\/v2\/users\/1"}],"replies":[{"embeddable":true,"href":"https:\/\/hugobrument.com\/index.php\/wp-json\/wp\/v2\/comments?post=209"}],"version-history":[{"count":3,"href":"https:\/\/hugobrument.com\/index.php\/wp-json\/wp\/v2\/pages\/209\/revisions"}],"predecessor-version":[{"id":217,"href":"https:\/\/hugobrument.com\/index.php\/wp-json\/wp\/v2\/pages\/209\/revisions\/217"}],"wp:attachment":[{"href":"https:\/\/hugobrument.com\/index.php\/wp-json\/wp\/v2\/media?parent=209"}],"curies":[{"name":"wp","href":"https:\/\/api.w.org\/{rel}","templated":true}]}}